{"id":37,"date":"2019-12-31T14:35:04","date_gmt":"2019-12-31T13:35:04","guid":{"rendered":"http:\/\/kaiser.rocks\/lumicon\/?page_id=37"},"modified":"2022-11-03T23:56:44","modified_gmt":"2022-11-03T22:56:44","slug":"kontakt","status":"publish","type":"page","link":"https:\/\/kaiser.rocks\/lumicon\/kontakt\/","title":{"rendered":"Portfolio"},"content":{"rendered":"\n<p>Professionelle Diskretion ist die oberste Pr\u00e4misse. Stets findet man mich hinter der B\u00fchne oder zumindest hinter dem Vorhang, aber nie auf der B\u00fchne. Lorbeeren, wem Lorbeeren geb\u00fchren und fremde Federn stehen mir nicht. Darum sucht man hier brisante Details zu fancy Projekten leider vergeblich.<br><br>Ob Consulting oder Hands-On: lass uns am Besten gemeinsam besprechen, wie und mit was ich Dir helfen kann. Schick mir doch einfach eine kurze Email.<\/p>\n","protected":false},"excerpt":{"rendered":"<p>Professionelle Diskretion ist die oberste Pr\u00e4misse. Stets findet man mich hinter der B\u00fchne oder zumindest hinter dem Vorhang, aber nie auf der B\u00fchne. Lorbeeren, wem Lorbeeren geb\u00fchren und fremde Federn stehen mir nicht. Darum sucht man hier brisante Details zu fancy Projekten leider vergeblich. Ob Consulting oder Hands-On: lass uns am Besten gemeinsam besprechen, wie &hellip; <\/p>\n<p class=\"link-more\"><a href=\"https:\/\/kaiser.rocks\/lumicon\/kontakt\/\" class=\"more-link\"><span class=\"screen-reader-text\">\u201ePortfolio\u201c<\/span> weiterlesen<\/a><\/p>\n","protected":false},"author":1,"featured_media":145,"parent":0,"menu_order":0,"comment_status":"closed","ping_status":"closed","template":"","meta":[],"_links":{"self":[{"href":"https:\/\/kaiser.rocks\/lumicon\/wp-json\/wp\/v2\/pages\/37"}],"collection":[{"href":"https:\/\/kaiser.rocks\/lumicon\/wp-json\/wp\/v2\/pages"}],"about":[{"href":"https:\/\/kaiser.rocks\/lumicon\/wp-json\/wp\/v2\/types\/page"}],"author":[{"embeddable":true,"href":"https:\/\/kaiser.rocks\/lumicon\/wp-json\/wp\/v2\/users\/1"}],"replies":[{"embeddable":true,"href":"https:\/\/kaiser.rocks\/lumicon\/wp-json\/wp\/v2\/comments?post=37"}],"version-history":[{"count":7,"href":"https:\/\/kaiser.rocks\/lumicon\/wp-json\/wp\/v2\/pages\/37\/revisions"}],"predecessor-version":[{"id":199,"href":"https:\/\/kaiser.rocks\/lumicon\/wp-json\/wp\/v2\/pages\/37\/revisions\/199"}],"wp:featuredmedia":[{"embeddable":true,"href":"https:\/\/kaiser.rocks\/lumicon\/wp-json\/wp\/v2\/media\/145"}],"wp:attachment":[{"href":"https:\/\/kaiser.rocks\/lumicon\/wp-json\/wp\/v2\/media?parent=37"}],"curies":[{"name":"wp","href":"https:\/\/api.w.org\/{rel}","templated":true}]}}